a).
-3
Let b(d) = 3*d**2 + 3*d + 2. Suppose -1 = -i + 1. Let o be ((-2)/3)/((-8)/36). Suppose u = -o*a - 11, 4*u + i*a + 6 + 8 = 0. Determine b(u).
8
Suppose -z + 0*s + 5*s + 12 = 0, z + 5*s = -8. Let k(c) be the third derivative of -1/12*c**4 + 0*c + 1/2*c**3 + 0 + 1/60*c**5 + 2*c**z. What is k(3)?
6
Let q(j) = 172*j**2 - 168*j**2 + j**3 - 2*j - 3 - 2*j. What is q(-5)?
-8
Let h(i) = 4 + 0*i - 3*i - i**2 - i. Suppose -9*t - 45 = -0*t. Determine h(t).
-1
Suppose 0*p - 5*p - 55 = 0. Let f = p - -7. Let j(t) = t. Let z(m) = 5*m + 4. Let b(i) = -4*j(i) + z(i). Give b(f).
0
Let u(b) be the first derivative of -b**2/2 + 2*b + 2. Suppose 1 = -t + 3. Let m = -1 - t. Determine u(m).
5
Let d(y) = 2*y - 7. Suppose 0 = u - 4*l - 2, 3*u + 5*l = 8*u - 25. Determine d(u).
5
Let c(a) = 4 - 217*a - 4 + 1 + 218*a. Calculate c(4).
5
Let j(t) = 3*t**3 + 5*t**2 - 22*t + 6. Let p(o) = 5*o**3 + 1 - 7*o - 4*o**3 + 1 + 2*o**2. Let m(w) = -2*j(w) + 7*p(w). Let y = -3 + -2. Determine m(y).
2
Let y = 6 - 8. Let o(v) be the third derivative of 0 + 0*v**3 - 1/24*v**4 + 2*v**2 + 1/120*v**6 + 1/30*v**5 + 0*v. Determine o(y).
2
Let j be (3 - 8)/(4 - 3). Let h(t) = t**2 + 6*t + 7. Let b be h(j). Let n(v) = -1 + 3*v**3 + v + v**2 - 3*v**2 - 2*v. Calculate n(b).
13
Let y(x) = -10*x + 1. Let f(u) = u**2 + 2*u + 3*u - 6*u + 2*u**3 - 1. Let o be f(-1). What is y(o)?
11
Suppose -q + 0 = 4. Let b(u) be the third derivative of u**6/120 + u**5/15 - u**4/12 + u**3/6 - 33*u**2. Calculate b(q).
9
Let y(x) be the third derivative of -x**6/360 - x**5/30 - 7*x**4/24 - 7*x**2. Let d(p) be the second derivative of y(p). What is d(-4)?
4
Suppose -p = -5*p. Let u(k) be the third derivative of -2*k**2 - 1/12*k**4 + 0*k**5 - 1/6*k**3 + p + 0*k + 1/120*k**6. Determine u(-1).
0
Let t(g) = -g - 2. Let f = 41 - 35. Calculate t(f).
-8
Let g(i) = -i - 4. Let x(t) = -2*t - 7. Let o(n) = -5*g(n) + 3*x(n). Let b be o(-4). Let d(p) = p**2 - p + 4. Determine d(b).
10
Let w(s) = s**2 - 3*s + 2. Let u(g) = -2*g - 14. Let m(h) = h + 7. Let y(p) = 5*m(p) + 2*u(p). Let b be y(-3). Give w(b).
6
Let n = -2 + 5. Let p(l) = -6*l - 1 + 0 + 4*l**3 - 6*l**2 + 0*l**n - 3*l**3. Determine p(7).
6
Let o(r) = 3*r**2 + 4*r - 6. Let f(j) = -2*j**2 - 2 + 4 + j**2 - j. Let w(n) = -11*f(n) - 4*o(n). Let x = -10 - -6. Determine w(x).
6
Let w(u) be the first derivative of -u**2 - 2*u + 1. Suppose -4*b + 10 = -4*a + 2*a, -5*b + 5 = 5*a. What is w(b)?
-6
Let x(a) = a - 3. Suppose -1 + 5 = -2*c + 4*o, -5*o = -c - 11. Let d(m) = -m + 2. Let u(k) = c*d(k) + 5*x(k). Calculate u(5).
-2
Let j(u) = 2*u. Suppose 3*p - 8 = p. Suppose y = -4*a + p - 3, 0 = -y - 5*a. Determine j(y).
10
Let s = -28 - -27. Let q(h) = -7*h. Determine q(s).
7
Let x = 0 - 1. Let f(b) = 5*b. Let s(q) = -q. Let g(p) = x*f(p) - 6*s(p). Let l be g(-4). Let n(i) = i**2 + 3*i + 2. Determine n(l).
6
Let f(c) = -c - 4. Let u(y) = -y**3 - 3*y**2 + 6. Let p(v) = v + 9. Let a be p(-12). Let q be u(a). Determine f(q).
-10
Let u(j) = j**3 - 3*j**2 - j + 2. Let v(t) = t - 5. Let n be v(7). Suppose 17 = 5*w + n. What is u(w)?
-1
Let y = 5 + 1. Let r(n) = -n + 3. Determine r(y).
-3
Let j = -11 + 15. Suppose -5*p + 21 = -j. Let u(o) = -2*o**2 + 8*o**2 - 6 - 5*o**2 - 5*o**2 - 5*o + o**3. Calculate u(p).
-6
Let u(g) be the third derivative of g**6/120 + g**5/12 + g**4/12 - g**3/3 - 16*g**2. Calculate u(-4).
6
Suppose -6*b = -b. Suppose -3*k - k - 12 = b. Let o(s) = -1 + 2 - 3*s + 2*s. What is o(k)?
4
Let s be 4/(-3)*6/(-4). Suppose s*g = 2*z - 2, 3*g - 3*z + 11 = 2*g. Suppose 2*c - g - 2 = 0. Let f(m) = m**3 - 3*m**2 + 2*m - 4. Determine f(c).
2
Suppose -4*v = -v + 18. Let n be ((-9)/v)/(4/(-8)). Let h(b) = b - 8. Let m(y) = -4. Let o(j) = 4*h(j) - 9*m(j). Calculate o(n).
-8
Let p(y) = -3*y + 3*y**2 + 0*y**2 - 8*y**2 - y**3. Calculate p(-5).
15
Suppose 3*s + 4 = 2*r, 0 = r - 3*r + s + 4. Let o(l) = -3 - 4*l**2 + l**3 - l - 2*l + 8*l - l**r. What is o(4)?
1
Let d(m) = m - 3. Let k(a) = -a**3 + a**2 - 1. Let z(s) = -3*s**3 + 9*s**2 - 8. Let o(g) = 2*k(g) - z(g). Let l be o(7). Calculate d(l).
3
Let w(l) be the third derivative of l**5/60 - l**4/24 - l**3/6 + 6*l**2. What is w(-3)?
11
Suppose 2*w - 7*w = -b + 27, -2*w = 10. Suppose -m + 4 = -b*m. Let u(t) be the third derivative of -t**5/60 - t**4/4 - t**3/3 + t**2. Calculate u(m).
6
Suppose m + 10 = 6*m. Let v(a) = -a**m + 0 + 1 + 3*a + 1 + 0. Give v(5).
-8
Let d(y) = -y + 9. Let f be d(10). Let j(v) = v + 1. Let i(g) = 2*g + 3. Let l(a) = 6*i(a) - 17*j(a). Determine l(f).
6
Let p(k) = -6*k + 3. Suppose -2*t + 4*t + 16 = 4*g, -5*g = 4*t - 33. Determine p(t).
-9
Let v(i) be the first derivative of -3 + 4*i - 7/2*i**2 + 1/6*i**3. Let a(o) be the first derivative of v(o). Calculate a(5).
-2
Let f(v) be the first derivative of -v**2/2 + 4*v - 1. Let n = 18 + -18. Let o = 5 + n. Determine f(o).
-1
Let l(f) = 0*f**2 - 3*f - 3 - 1 + f**2. Let a(m) = -3*m - 7. Let q(t) = 3*t + 6. Let s(p) = 5*a(p) + 6*q(p). Let v be s(1). Calculate l(v).
0
Let h = 10 + -7. Suppose -3*q = -7*q + 8. Let p(b) = b - h*b - b**q - 2*b. Determine p(-2).
4
Suppose 0 - 4 = -4*c. Let r(m) = 11*m. Determine r(c).
11
Suppose 0 = -v + 7 - 0. Let g(y) = -y**2 + 6*y + 10. Give g(v).
3
Let t = -3 - 0. Suppose 4*z - 3 = -2*b + 13, 4 = -2*z + 2*b. Let j(l) = -z*l - 3 + 7 - 2. Determine j(t).
8
Suppose 2*i = -3*j + 3 - 1, 5*j + 5*i - 5 = 0. Let y(f) = f**2. Give y(j).
0
Let d(n) = 1 - 8*n**2 + 2*n**2 + 8*n**2 - n. Calculate d(2).
7
Let l(b) = 34*b - 2 - 39*b + 4. Let i(m) = 4*m - 1. Let k(a) = 4*i(a) + 3*l(a). Calculate k(4).
6
Suppose u + 2 = -0. Let v(c) = -4*c**2 + 10*c - 3. Let p(f) = 3*f**2 - 9*f + 2. Let s(x) = 6*p(x) + 5*v(x). Give s(u).
-3
Let t(o) = -o**3 + 3*o**2 + 4*o - 2. Let h(k) be the second derivative of -k**5/20 + 7*k**4/12 - 5*k**3/6 - k**2 + 2*k. Let p be h(6). What is t(p)?
-2
Suppose -g - 19 = 4*w, 2*w - 13 = g - 12. Let t(d) = -d**3 - 6*d + 0*d + 0*d + 10 - 8*d**2. What is t(g)?
3
Suppose -4*j = -3*j - 1. Suppose 0 = 5*k - 7 - 3. Let o(s) = j + 3*s - k*s + 3. Calculate o(3).
7
Let x(r) be the second derivative of r**3/6 + 15*r**2/2 - 24*r + 1. Give x(0).
15
Let j(i) = -3 - 2*i + 4*i**3 - 2*i**2 + 0 - 3*i**3. Give j(3).
0
Let j(f) be the second derivative of f**4/12 + f**3/6 - f**2/2 + f. Let g(o) = -4*o - 2 + o + o**2 + 3*o. Let s be g(2). Determine j(s).
5
Let x(c) be the first derivative of -2*c**2 - 2*c + 5. Calculate x(-3).
10
Let j(y) = y. Let o(s) = -s**3 - s**2 - 3*s + 7. Let q(t) = -3*j(t) - o(t). Let p = 97 - 67. Suppose -2*c - 25 = -5*z, -3*c + 5*z - p = -5. Determine q(c).
-7
Let b(m) = m**3 + 4*m**2 + 5*m + 14. Let x(c) = 2*c**3 + 9*c**2 + 11*c + 29. Let n(s) = -9*b(s) + 4*x(s). Determine n(0).
-10
Let v(m) = -m**2 - m - 3. Let y = 53 + -36. Let z = 17 - y. Calculate v(z).
-3
Let c(f) = 2*f + 4 - 6 + 3 + 0. Let p be ((-3)/(-4))/(2/(-8)). Give c(p).
-5
Suppose -3*x = -2*x - 6. Let m(o) = 8*o**3 - o**2 - 7*o + 1. Let y(f) = 0*f**3 - f**3 + f + 0*f. Let p(q) = x*y(q) + m(q). What is p(1)?
1
Let s(v) = 6*v + 1. Let a(i) = -12*i - 1. Let k(g) = -4*a(g) - 7*s(g). What is k(4)?
21
Suppose 3*o + 36 = -o. Let a = o + 14. Let b(v) = -v + 1. Calculate b(a).
-4
Let r(u) be the first derivative of u**2 - 3*u + 5. What is r(2)?
1
Let d = 8 - 10. Let u = 1 - 0. Let v(g) = u + g + g**2 + g**3 + 2*g**2 + 0. Calculate v(d).
3
Suppose 0*l = 5*l - 10. Let x(s) = s**l + 6*s + 6 + 5*s - 3*s. Calculate x(-6).
-6
Suppose -2*b = 2 - 4. Let w(l) = 5*l**2 + 2*l - 1. Calculate w(b).
6
Let y(c) = c**2 - 5. Suppose 2 + 14 = -4*x. Give y(x).
11
Let a(q) = -q**2 - 6*q - 3. Let l(n) = -n**2 - 2. Let y be l(0). Determine a(y).
5
Suppose 0 = -c - 0*c. Let q(b) = b**3 - 1 - 2*b - b**3 + b**3 + 2*b**2 + c*b**2. What is q(-2)?
3
Let l = -33 - -12. Let c = -15 - l. Let q(j) = -j + 8. Calculate q(c).
2
Let g(q) = q - 8. Let y be (1/(-2))/((-4)/16). Let o be (0/y)/(-3 + 2). What is g(o)?
-8
Let n = 45 + -48. Let a(v) = v**3 + 2*v**2 - 2*v. What is a(n)?
-3
Suppose 10 + 5 = 5*v. Let y(q) be the first derivative of q**4/4 - q**3/3 - q**2 - 4*q - 2. Calculate y(v).
8
Let s(u) = -1 - 3 - u + u**3 + 0*u**2 + u**2. Let h be (4 - 3)/(1/6). Suppose 3*o = 2*c - 4*c - h, 12 = -4*c. Determine s(o).
-4
Let u(q) = -q**3 + 3*q**2 - q + 4. Suppose -3*d = 3*x - 12, -2*x - 5*d = -5*x + 20. Suppose 